undred thousands digit of 729916?
7
What is the units digit of 448675?
5
What is the hundreds digit of 1892985?
9
What is the millions digit of 1275600?
1
What is the ten thousands digit of 4664900?
6
What is the tens digit of 627788?
8
What is the units digit of 324378?
8
What is the tens digit of 1345928?
2
What is the units digit of 354746?
6
What is the units digit of 959332?
2
What is the tens digit of 3263156?
5
What is the hundred thousands digit of 5766342?
7
What is the millions digit of 2881814?
2
What is the units digit of 676145?
5
What is the hundreds digit of 1088806?
8
What is the units digit of 98156?
6
What is the hundreds digit of 2829807?
8
What is the hundreds digit of 12881673?
6
What is the hundred thousands digit of 5691182?
6
What is the millions digit of 7981226?
7
What is the hundred thousands digit of 4252707?
2
What is the thousands digit of 140723?
0
What is the thousands digit of 1290997?
0
What is the units digit of 157783?
3
What is the hundreds digit of 381410?
4
What is the hundred thousands digit of 654807?
6
What is the ten thousands digit of 1302650?
0
What is the hundred thousands digit of 505254?
5
What is the units digit of 380844?
4
What is the hundred thousands digit of 102144?
1
What is the millions digit of 7159748?
7
What is the hundreds digit of 2551979?
9
What is the units digit of 4758647?
7
What is the units digit of 9264616?
6
What is the hundred thousands digit of 403648?
4
What is the tens digit of 3543412?
1
What is the hundreds digit of 144100?
1
What is the thousands digit of 543889?
3
What is the hundred thousands digit of 9074536?
0
What is the thousands digit of 1285583?
5
What is the ten thousands digit of 569106?
6
What is the hundred thousands digit of 15085757?
0
What is the hundred thousands digit of 1215349?
2
What is the thousands digit of 445756?
5
What is the ten thousands digit of 359205?
5
What is the ten thousands digit of 712976?
1
What is the ten thousands digit of 458489?
5
What is the tens digit of 537648?
4
What is the hundred thousands digit of 1652600?
6
What is the units digit of 19877?
7
What is the ten thousands digit of 176199?
7
What is the tens digit of 256883?
8
What is the ten millions digit of 28913385?
2
What is the hundred thousands digit of 332147?
3
What is the thousands digit of 286489?
6
What is the thousands digit of 264423?
4
What is the thousands digit of 108897?
8
What is the units digit of 26597?
7
What is the tens digit of 2262043?
4
What is the thousands digit of 195591?
5
What is the hundreds digit of 6949422?
4
What is the hundreds digit of 90999?
9
What is the units digit of 407235?
5
What is the hundred thousands digit of 10006411?
0
What is the hundred thousands digit of 2432804?
4
What is the tens digit of 374211?
1
What is the ten thousands digit of 1274910?
7
What is the tens digit of 23286?
8
What is the hundred thousands digit of 3145599?
1
What is the thousands digit of 83407?
3
What is the tens digit of 1226333?
3
What is the tens digit of 696308?
0
What is the ten thousands digit of 17201?
1
What is the millions digit of 2458500?
2
What is the ten thousands digit of 371250?
7
What is the hundreds digit of 477701?
7
What is the tens digit of 144596?
9
What is the thousands digit of 2464701?
4
What is the hundreds digit of 4756351?
3
What is the hundreds digit of 425078?
0
What is the ten thousands digit of 204807?
0
What is the hundred thousands digit of 369926?
3
What is the hundreds digit of 1356928?
9
What is the units digit of 42652?
2
What is the tens digit of 11232323?
2
What is the hundreds digit of 421013?
0
What is the thousands digit of 4683359?
3
What is the hundred thousands digit of 260457?
2
What is the hundred thousands digit of 113243?
1
What is the ten thousands digit of 1593595?
9
What is the ten thousands digit of 1238407?
3
What is the tens digit of 101188?
8
What is the tens digit of 3576475?
7
What is the units digit of 7342518?
8
What is the hundreds digit of 3370583?
5
What is the tens digit of 484245?
4
What is the ten thousands digit of 90526?
9
What is the hundred thousands digit of 403306?
4
What is the ten thousands digit of 448151?
4
What is the units digit of 249970?
0
What is the tens digit of 643158?
5
What is the tens digit of 292786?
8
What is the thousands digit of 8042468?
2
What is the ten thousands digit of 12882693?
8
What is the millions digit of 5558666?
5
What is the ten thousands digit of 3408562?
0
What is the hundred thousands digit of 2797567?
7
What is the units digit of 366799?
9
What is the ten thousands digit of 1644487?
4
What is the ten thousands digit of 2482594?
8
What is the ten thousands digit of 185055?
8
What is the tens digit of 241237?
3
What is the ten thousands digit of 7443547?
4
What is the hundred thousands digit of 785000?
7
What is the ten thousands digit of 851562?
5
What is the hundreds digit of 2849800?
8
What is the tens digit of 51957?
5
What is the thousands digit of 784084?
4
What is the hundred thousands digit of 16859798?
8
What is the tens digit of 156443?
4
What is the units digit of 544243?
3
What is the millions digit of 14017189?
4
What is the ten thousands digit of 282210?
8
What is the millions digit of 1249971?
1
What is the millions digit of 6802987?
6
What is the ten thousands digit of 139672?
3
What is the hundred thousands digit of 3637058?
6
What is the thousands digit of 2707342?
7
What is the hundred thousands digit of 11285507?
2
What is the hundreds digit of 83631?
6
What is the thousands digit of 4079952?
9
What is the tens digit of 1594994?
9
What is the ten thousands digit of 37571?
3
What is the ten thousands digit of 10730682?
3
What is the hundreds digit of 224290?
2
What is the tens digit of 2025787?
8
What is the millions digit of 1524067?
1
What is the ten thousands digit of 9604045?
0
What is the hundred thousands digit of 22758969?
7
What is the thousands digit of 338328?
8
What is the ten thousands digit of 139428?
3
What is the hundreds digit of 2543235?
2
What is the hundred thousands digit of 537641?
5
What is the tens digit of 2616194?
9
What is the hundreds digit of 8104733?
7
What is the thousands digit of 42557?
2
What is the ten thousands digit of 540141?
4
What is the hundreds digit of 201369?
3
What is the tens digit of 14894318?
1
What is the units digit of 56136?
6
What is the ten thousands digit of 150813?
5
What is the thousands digit of 6381797?
1
What is the thousands digit of 10704495?
4
What is the thousands digit of 2449999?
9
What is the units digit of 2051739?
9
What is the hundreds digit of 61081?
0
What is the units digit of 298429?
9
What is the units digit of 1000075?
5
What is the hundred thousands digit of 403385?
4
What is the ten thousands digit of 63310?
6
What is the ten thousands digit of 5618720?
1
What is the units digit of 287907?
7
What is the ten millions digit of 15473468?
1
What is the hundreds digit of 875693?
6
What is the tens digit of 771749?
4
What is the thousands digit of 256230?
6
What is the units digit of 2873222?
2
What is the hundred thousands digit of 774993?
7
What is the tens digit of 2339693?
9
What is the thousands digit of 16412668?
2
What is the hundreds digit of 5007688?
6
What is the ten thousands digit of 26873905?
7
What is the ten thousands digit of 30087?
3
What is the thousands digit of 3747081?
7
What is the ten thousands digit of 349634?
4
What is the thousands digit of 1467998?
7
What is the ten thousands digit of 142742?
4
What is the hundreds digit of 105188?
1
What is the thousands digit of 17310077?
0
What is the thousands digit of 3120576?
0
What is the hundred thousands digit of 294474?
2
What is the tens digit of 110169?
6
What is the hundreds digit of 5759837?
8
What is the millions digit of 3063036?
3
What is the thousands digit of 3072696?
2
What is the units digit of 22380347?
7
What is the tens digit of 1576237?
3
What is the hundreds digit of 17281922?
9
What is the ten thousands digit of 71599?
7
What is the hundreds digit of 647835?
8
What is the hundreds digit of 5451543?
5
What is the ten thousands digit of 2809461?
0
What is the hundred thousands digit of 7371836?
3
What is the units digit of 1108783?
3
What is the hundreds digit of 13684192